 y. What is the tens digit of y?
5
Suppose 3*u - 714 = -216. Let b = 255 - u. What is the units digit of b?
9
Suppose 147 = i - 3*r, 3*r = -2*i + 5*i - 447. What is the tens digit of i?
5
Let x(q) = -q - 3. Let u be x(-5). Suppose -c + u + 6 = 0. What is the tens digit of (c/3)/((-4)/(-108))?
7
Let n be (-4)/10 - (-171)/15. Suppose -8*k + n*k = 204. What is the tens digit of k?
6
Suppose 7*f - 16 - 12 = 0. Suppose 3*b - 432 - 40 = -4*m, f*b = 3*m - 354. What is the units digit of m?
8
Let p(q) = q**2 + 2*q - 2. Let s be p(6). Let b = 78 - s. What is the units digit of b?
2
Suppose -4*l = 4*v - 1308, -3*l = 3*v - 2*v - 321. What is the tens digit of v?
3
Suppose -3*n + 3798 = 14*s - 13*s, 0 = s - 3. What is the thousands digit of n?
1
Suppose -2*b - 4*p - 62 = b, 2*b = 4*p - 8. Let d be (5 + b)/(9/12). What is the units digit of (-256)/d + (-2)/6?
1
Let z = 45 - 43. Suppose -1 = -5*j - 4*h, 4*h + 3 = -3*j + z*j. What is the units digit of j?
1
Let m(w) be the second derivative of 1/2*w**2 - 2*w - 1/3*w**3 + 1/12*w**4 + 0. What is the units digit of m(3)?
4
Let c(j) = 73*j**2 - 3*j - 4. Let t be c(-2). What is the tens digit of (-1)/(-5) + t/5?
5
Let g = -4 - -4. Let o(w) = 0*w + 0*w**3 + w**3 - 3 - w + 35. What is the tens digit of o(g)?
3
Let m be 0/2 - (-4 + (3 - 1)). Suppose -8*k - m*k = -1740. What is the hundreds digit of k?
1
Let k(w) = w**2 + 8*w + 6. Let o be k(-5). What is the tens digit of (-2)/o + 1614/27?
6
Suppose -69*l + 63*l + 10806 = 0. What is the hundreds digit of l?
8
Let d(z) = z**2 + 11*z - 19. Let p be d(-16). Let c = p + -37. What is the units digit of c?
4
Suppose -1106 = 155*w - 157*w. What is the tens digit of w?
5
Suppose -5*r + c + 175 = -426, 483 = 4*r - 3*c. Suppose -r = -3*k + 2*k. What is the tens digit of k?
2
Let q(a) = 12*a**3 - 3*a**2 - a - 6. Let m be q(4). What is the tens digit of (m/20)/(1/2)?
7
Let k(a) be the second derivative of a**7/1260 - a**6/180 - a**5/20 + a**4/4 + 7*a. Let d(x) be the third derivative of k(x). What is the units digit of d(5)?
4
Suppose -3*n = 2*n - 5. Let o(g) = 105*g**2 - g. Let v be o(n). What is the tens digit of v/10 - 14/35?
1
Let t(r) = 12*r**2 + 6*r - 10. What is the hundreds digit of t(-5)?
2
Suppose 3*f + 85 = 514. Suppose -3*y + f = 4*g, -g = 5*y - 2*g - 223. Let b = -24 + y. What is the units digit of b?
1
Let m = -40 + 107. Let b = m - 23. What is the units digit of b?
4
Suppose 0 = h + 5*i - 248, 0*i - 3*i = -4*h + 969. Let d = h - 152. What is the units digit of d?
1
Let g = -4 + 9. Let s = -4 + g. What is the units digit of (s - -1)*25/2?
5
Let a(t) = t**3 + 6*t**2 - 2*t. Let h be a(-5). Let r = 15 - h. Let d = 22 + r. What is the units digit of d?
2
Suppose 9 = 6*g - 2*g + q, -3*q = 4*g - 11. Suppose -7 = -g*a - 81. Let o = a + 52. What is the units digit of o?
5
Let i = 12 + 7. Let g = -13 + i. Suppose -g*y + 180 = -y. What is the units digit of y?
6
Let t be 1 + (0 - -6) + 2. Suppose 5*w - 3*p = 7*w + t, 0 = 5*w + 2*p + 6. Suppose w = c - 4*c + 93. What is the units digit of c?
1
Suppose 2*q = -3*d + 79, 2*q = 4*d - 53 - 57. Let p = 159 - 102. Suppose -p = -5*k + 4*y, -2*y + 5*y = 2*k - d. What is the units digit of k?
9
Suppose 0 = -3*g - g + 12. Suppose 0 = 3*h + 2*h - g*d - 146, -4*h = 5*d - 139. What is the units digit of h?
1
Let t be 6/5*10/4. Let v(y) be the third derivative of -y**6/120 + y**5/15 - y**4/12 + 2*y**3/3 + 5*y**2 - 1. What is the units digit of v(t)?
7
Let l = 43 - 43. Suppose c = 3*x - 188, l = -x - 4*x - c + 316. What is the tens digit of x?
6
Let a be (-24687)/(-26) + 3/(-6)*3. Suppose 9*g + 3*g - a = 0. What is the tens digit of g?
7
Suppose 2*w - 2*h - 6 = 8, -3*w - h = -1. Suppose -w*v = -4*v. Suppose -3*j + 5*q = -29 + 8, v = -j + 2*q + 7. What is the units digit of j?
7
Suppose 4*x = -3*n + 56, -x - 3*x + 20 = 0. Suppose n*u - 288 = 3*u. What is the units digit of u?
2
Suppose 3*q + 2*n = -260, -3*q + 5*n - n = 272. Let f = -14 - q. What is the tens digit of f?
7
Suppose f = -2*k + 549, 16*f - 13*f - 1603 = 5*k. What is the hundreds digit of f?
5
Let t = -4226 + 8583. What is the tens digit of t?
5
Let q = 638 + 339. What is the hundreds digit of q?
9
What is the tens digit of (35/21)/(5/261)?
8
Let d(s) = s**3 - 4*s**2 - 6*s + 1. Let n be d(5). What is the tens digit of 0 + n - (-58 - -3)?
5
Let p be 974/16 - ((-630)/(-80) - 8). Let z = 142 - p. What is the tens digit of z?
8
Let y(x) = -x**3 + 16*x**2 + 8*x + 9. Let l be y(14). Let z = l + -235. What is the hundreds digit of z?
2
Let y(c) = 65*c + 60. Let d be y(8). Suppose -w - 3*w = -d. What is the tens digit of w?
4
Let g(o) be the third derivative of o**4/3 + o**3 + 8*o**2. Let y be g(-3). What is the units digit of (y/10)/((-2)/30)?
7
Let d(g) = -9*g**3 + 5*g**2 - g + 2. Let b be d(-3). Suppose -4*z = j - b, 3*j = 4*z - 329 + 24. What is the units digit of z?
4
Let t = 36 + 689. What is the hundreds digit of t?
7
Let j = 657 + -169. What is the units digit of j?
8
Let v = -30 - -39. Suppose 0 = 4*z - v*z - 175. What is the tens digit of -150*(z/(-10))/(-7)?
7
Suppose 3*z - 1992 - 405 = 2*n, 3179 = 4*z + 3*n. What is the hundreds digit of z?
7
Suppose -33 = -3*d + 4*b + 1, -3*b = -6. Suppose d*n = 6*n + 2120. What is the hundreds digit of n?
2
Let t(y) = -y**2 - y. Let o be t(0). Let i(n) = -21*n + 10*n + 24 - 11 + 12*n. What is the units digit of i(o)?
3
Suppose -3*s + 24 = -5*q, 4*q - 3 = -15. Let k(x) = 13*x**2 - 4*x + 10. What is the hundreds digit of k(s)?
1
Let b(l) = 67*l**3 + 3*l**2 - 2*l - 4. What is the hundreds digit of b(2)?
5
Suppose 0 = n + w - 181 - 316, 4*w = -3*n + 1489. What is the units digit of n?
9
Let l = 238 + -265. Let x = -70 - -119. Let k = l + x. What is the units digit of k?
2
Suppose 0 = -3*y - y + 12. Suppose -2*n + y*n + 5 = 0. Let k = 32 + n. What is the units digit of k?
7
Let m(h) = 720*h**2 - 83*h + 170. What is the hundreds digit of m(2)?
8
Let a(j) = j**3 - 11*j**2 + 3*j - 4. Let m = 2 + 9. What is the units digit of a(m)?
9
Suppose 5*l + 90 = -5*u, -94 + 10 = 5*l + 3*u. What is the units digit of (18/l)/(6/(-1240))?
8
Let q(h) = 5*h**3 + 2*h + 1. Let n be q(2). Suppose 2 = 2*w - 4*t - 2, -3*t = -12. Suppose n = 5*o + p, p + w = 2*o + 3*p. What is the units digit of o?
0
Let c(l) be the first derivative of 4 + 11/2*l**2 + 0*l. What is the units digit of c(2)?
2
Let v(x) = x - 1. Let j be v(-7). Let a = 10 + j. What is the units digit of ((-72)/(-28))/(a/14)?
8
Let x = 53 + -114. Let s = x + 101. What is the tens digit of s?
4
Suppose -3*z - 4*m = -2*z - 38, -3*m = 0. Let y = -27 + z. What is the tens digit of y?
1
Let y be -2 + 0 + 0 + -4. What is the units digit of (-26 - y)*(-14)/5?
6
Suppose -8*x + 7*x = -384. What is the tens digit of x?
8
Let a(x) = x**2 + 4*x - 17. Let d be a(7). What is the hundreds digit of 2/10 - (-6168)/d?
1
Let u(x) = 15*x**2. Let g be u(-1). Let j = -13 + g. Suppose -3*h - d + 28 = 0, -h + 53 = j*h - 4*d. What is the tens digit of h?
1
Let h = -4 - -14. Suppose -l - h = -5*u, 2*u - 3*l + 6*l - 21 = 0. What is the units digit of u/((-26)/(-10) - 2)?
5
Suppose 2*o - 5*o = -27. Suppose -10*u + o*u = 4. Let h(v) = -v**3 - v**2 + 4*v - 1. What is the units digit of h(u)?
1
Suppose -6*d + 183 = -3*d. Let s = d + -29. Let l = s - -15. What is the units digit of l?
7
Suppose -4*o = -5*u, 3 = 3*u + 2*o - 5*o. Let m = 0 - u. Suppose 0*h - m*h + 60 = 4*x, -h + 47 = 3*x. What is the tens digit of x?
1
Let a(o) = 2*o**2 + 5*o - 2. Let y(i) = 2*i**2 + 13*i - 10. Let m be y(-7). Let r(d) = -d**2. Let h(z) = m*r(z) - a(z). What is the units digit of h(6)?
8
Let w be ((-40)/(-12))/(4/6). Let f(k) = k**3 - 3*k**2 + 8*k - 6. What is the tens digit of f(w)?
8
Let y be (-2)/(-3)*(114 + -6)/6. Suppose 0 = 3*x - 7*x + 64. Suppose 4*t - x = -0*t + 3*h, -y = -3*t - h. What is the units digit of t?
4
Let k(p) = 3*p**2 + 46*p + 30. What is the units digit of k(-22)?
0
Let q(i) = -i**3 - 6*i**2 - 6*i - 5. Let n be q(-5). Let f be (8 - 87) + 1 + n. Let l = f - -122. What is the tens digit of l?
4
Suppose -4*i = -5*p - 17, -5*i - 4*p + 5 = -6. Suppose 2*z = 5*q - 5, -i*q + 30 - 1 = 4*z. Let d = -2 + z. What is the units digit of d?
3
Let c(p) = -p - 9. Let b be c(-11). Suppose 0*o + 4*o - b*t + 2 = 0, -5*o - t + 1 = 0. Suppose -4*z - z +